{"id":24,"date":"2016-01-29T10:24:10","date_gmt":"2016-01-29T10:24:10","guid":{"rendered":"https:\/\/the7.io\/beauty-studio\/?page_id=24"},"modified":"2022-01-25T11:38:13","modified_gmt":"2022-01-25T10:38:13","slug":"special-offers","status":"publish","type":"page","link":"https:\/\/wertanlageberatung.de\/wordpress\/special-offers\/","title":{"rendered":"Werte \/ Anlage \/ Beratung"},"content":{"rendered":"<p>[vc_row full_width=&#8221;stretch_row&#8221; css=&#8221;.vc_custom_1634114374783{margin-bottom: 0px !important;padding-top: 30px !important;padding-bottom: 0px !important;background-color: #e7d6c5 !important;}&#8221;][vc_column width=&#8221;1\/3&#8243; css=&#8221;.vc_custom_1634115528151{background-color: rgba(255,255,255,0.25) !important;*background-color: rgb(255,255,255) !important;border-radius: 5px !important;}&#8221;]<div id=\"ultimate-heading-838069e590194ef86\" class=\"uvc-heading ult-adjust-bottom-margin ultimate-heading-838069e590194ef86 uvc-9766  uvc-heading-default-font-sizes\" data-hspacer=\"line_only\"  data-halign=\"left\" style=\"text-align:left\"><div class=\"uvc-main-heading ult-responsive\"  data-ultimate-target='.uvc-heading.ultimate-heading-838069e590194ef86 h2'  data-responsive-json-new='{\"font-size\":\"\",\"line-height\":\"\"}' ><h2 style=\"--font-weight:theme;\">Reale Werte<\/h2><\/div><div class=\"uvc-heading-spacer line_only\" style=\"margin-top:10px;margin-bottom:10px;height:1px;\"><span class=\"uvc-headings-line\" style=\"border-style:solid;border-bottom-width:1px;border-color:#ffffff;width:autopx;\"><\/span><\/div><div class=\"uvc-sub-heading ult-responsive\"  data-ultimate-target='.uvc-heading.ultimate-heading-838069e590194ef86 .uvc-sub-heading '  data-responsive-json-new='{\"font-size\":\"\",\"line-height\":\"\"}'  style=\"font-weight:normal;color:#7a7269;\"><\/p>\n<p style=\"text-align: left;\">Wir alle haben das gleiche Ziel: Unsere Lebensqualit\u00e4t<br \/>\nf\u00fcr uns und unsere Lieben zu sichern und zu erh\u00f6hen.<br \/>\nWir m\u00fcssen R\u00fccklagen bilden und Vorsorgen.<\/p>\n<p style=\"text-align: left;\">Papiergeld besitzt keinen inneren Wert und jeglicher<br \/>\nerh\u00f6hter Besitz f\u00fchrt insbesondere in bezug auf die<br \/>\nInflationsbedingungen unweigerlich zum Verlust.<\/p>\n<p><\/div><\/div>[\/vc_column][vc_column width=&#8221;1\/3&#8243;][vc_hoverbox image=&#8221;2404&#8243; primary_title=&#8221;&#8221; hover_title=&#8221;&#8221;]<img loading=\"lazy\" class=\"alignnone size-medium wp-image-2070\" src=\"http:\/\/wertanlageberatung.de\/wordpress\/wp-content\/uploads\/2021\/07\/logo-1-300x300.png\" alt=\"\" width=\"300\" height=\"300\" srcset=\"https:\/\/wertanlageberatung.de\/wordpress\/wp-content\/uploads\/2021\/07\/logo-1-300x300.png 300w, https:\/\/wertanlageberatung.de\/wordpress\/wp-content\/uploads\/2021\/07\/logo-1-150x150.png 150w, https:\/\/wertanlageberatung.de\/wordpress\/wp-content\/uploads\/2021\/07\/logo-1.png 492w\" sizes=\"(max-width: 300px) 100vw, 300px\" \/><\/p>\n<p>[\/vc_hoverbox][\/vc_column][vc_column width=&#8221;1\/3&#8243; css=&#8221;.vc_custom_1634115626398{background-color: rgba(255,255,255,0.25) !important;*background-color: rgb(255,255,255) !important;border-radius: 5px !important;}&#8221;]<div id=\"ultimate-heading-963969e590194efe3\" class=\"uvc-heading ult-adjust-bottom-margin ultimate-heading-963969e590194efe3 uvc-4449  uvc-heading-default-font-sizes\" data-hspacer=\"line_only\"  data-halign=\"left\" style=\"text-align:left\"><div class=\"uvc-main-heading ult-responsive\"  data-ultimate-target='.uvc-heading.ultimate-heading-963969e590194efe3 h2'  data-responsive-json-new='{\"font-size\":\"\",\"line-height\":\"\"}' ><h2 style=\"--font-weight:theme;\">Anlage<\/h2><\/div><div class=\"uvc-heading-spacer line_only\" style=\"margin-top:10px;margin-bottom:10px;height:1px;\"><span class=\"uvc-headings-line\" style=\"border-style:solid;border-bottom-width:1px;border-color:#ffffff;width:autopx;\"><\/span><\/div><div class=\"uvc-sub-heading ult-responsive\"  data-ultimate-target='.uvc-heading.ultimate-heading-963969e590194efe3 .uvc-sub-heading '  data-responsive-json-new='{\"font-size\":\"\",\"line-height\":\"\"}'  style=\"font-weight:normal;color:#7a7269;\">Neben dem selbst genutzten Immobilieneigentum, bietet<br \/>\nIhnen ein individuell und breit aufgestelltes Wertschriftendepot<br \/>\nmit ausgew\u00e4hlten Investmentfonds ein H\u00f6chstma\u00df an Sicherheit.<br \/>\nDie Gewinne generieren Sie aus Renditen und Wertsteigerungen.<br \/>\nUnd Sie bleiben mit diesen Investments stets flexibel.<\/div><\/div>[\/vc_column][\/vc_row][vc_row full_width=&#8221;stretch_row&#8221; content_placement=&#8221;middle&#8221; css=&#8221;.vc_custom_1634115663209{margin-bottom: 0px !important;padding-top: 30px !important;padding-bottom: 20px !important;background-color: #e7d6c5 !important;}&#8221;][vc_column width=&#8221;1\/2&#8243; css=&#8221;.vc_custom_1634115601973{background-color: rgba(255,255,255,0.25) !important;*background-color: rgb(255,255,255) !important;border-radius: 5px !important;}&#8221;]<div id=\"ultimate-heading-915969e590194f023\" class=\"uvc-heading ult-adjust-bottom-margin ultimate-heading-915969e590194f023 uvc-7172  uvc-heading-default-font-sizes\" data-hspacer=\"line_only\"  data-halign=\"left\" style=\"text-align:left\"><div class=\"uvc-main-heading ult-responsive\"  data-ultimate-target='.uvc-heading.ultimate-heading-915969e590194f023 h2'  data-responsive-json-new='{\"font-size\":\"\",\"line-height\":\"\"}' ><h2 style=\"--font-weight:theme;\">Beratung<\/h2><\/div><div class=\"uvc-heading-spacer line_only\" style=\"margin-top:10px;margin-bottom:10px;height:1px;\"><span class=\"uvc-headings-line\" style=\"border-style:solid;border-bottom-width:1px;border-color:#ffffff;width:autopx;\"><\/span><\/div><div class=\"uvc-sub-heading ult-responsive\"  data-ultimate-target='.uvc-heading.ultimate-heading-915969e590194f023 .uvc-sub-heading '  data-responsive-json-new='{\"font-size\":\"\",\"line-height\":\"\"}'  style=\"font-weight:normal;color:#7a7269;\">Als unabh\u00e4ngige und selbst\u00e4ndige Finanzdienstleister stellen wir Ihnen unsere Fachkompetenz und langj\u00e4hrige Erfahrung zur Verf\u00fcgung. Wir helfen Ihnen aus der Vielzahl der M\u00f6glichkeiten die f\u00fcr Sie richtigen Kapitalanlageprodukte auszuw\u00e4hlen.<br \/>\nSie erhalten uneingeschr\u00e4nkten Zugang zu:<\/p>\n<ul>\n<li>fachkompetenter Beratung und zuverl\u00e4ssiger Betreuung<\/li>\n<li>einem umfangreichen Anlagespektrum<\/li>\n<li>bankenunabh\u00e4ngiger und freier Produktauswahl (\u00fcber 20.000 Fonds)<\/li>\n<li>modernen Analyse- und informativen Bewertungssystemen<\/li>\n<li>kostenfreiem DepotCheck<\/li>\n<li>der Wahl zwischen unabh\u00e4ngigen Depot- und Direktbanken<\/li>\n<li>sachdienlichen Informationen und regelm\u00e4\u00dfigen Markteinsch\u00e4tzungen<\/li>\n<li>Strategien, die ausschlie\u00dflich auf Ihren Bedarf ausgerichtet sind<\/li>\n<li>st\u00e4ndiger Erreichbarkeit, auch f\u00fcr Fragen zwischendurch<\/li>\n<\/ul>\n<p id=\"pzwei\">\u00dcber das Partnerunternehmen, die <a href=\"http:\/\/fondskonzept.ag\/\" target=\"_blank\" rel=\"noopener\">FondsKonzept<\/a>, nutzen wir das moderne Investment-Knowhow. In der Multibankenplattform kann das gesamte Anlageverm\u00f6gen zusammengef\u00fchrt werden. Es erm\u00f6glicht den Analyseprozess und die tagaktuelle Bewertung Ihres Depots.<\/p>\n<p>Lassen Sie uns dar\u00fcber sprechen!<br \/>\nSie sparen Zeit, treffen die richtigen Entscheidungen und als Ihren<br \/>\nPartner, k\u00f6nnen Sie mich jederzeit f\u00fcr \u00bbFragen zwischendurch\u00ab erreichen.<\/div><\/div>[\/vc_column][vc_column width=&#8221;1\/2&#8243;][vc_hoverbox image=&#8221;2403&#8243; primary_title=&#8221;&#8221; hover_title=&#8221;&#8221;]<img loading=\"lazy\" class=\"alignnone size-medium wp-image-2070\" src=\"http:\/\/wertanlageberatung.de\/wordpress\/wp-content\/uploads\/2021\/07\/logo-1-300x300.png\" alt=\"\" width=\"300\" height=\"300\" srcset=\"https:\/\/wertanlageberatung.de\/wordpress\/wp-content\/uploads\/2021\/07\/logo-1-300x300.png 300w, https:\/\/wertanlageberatung.de\/wordpress\/wp-content\/uploads\/2021\/07\/logo-1-150x150.png 150w, https:\/\/wertanlageberatung.de\/wordpress\/wp-content\/uploads\/2021\/07\/logo-1.png 492w\" sizes=\"(max-width: 300px) 100vw, 300px\" \/><\/p>\n<p>[\/vc_hoverbox][\/vc_column][\/vc_row]<\/p>\n","protected":false},"excerpt":{"rendered":"<p>[vc_row full_width=&#8221;stretch_row&#8221; css=&#8221;.vc_custom_1634114374783{margin-bottom: 0px !important;padding-top: 30px !important;padding-bottom: 0px !important;background-color: #e7d6c5 !important;}&#8221;][vc_column width=&#8221;1\/3&#8243; css=&#8221;.vc_custom_1634115528151{background-color: rgba(255,255,255,0.25) !important;*background-color: rgb(255,255,255) !important;border-radius: 5px !important;}&#8221;][\/vc_column][vc_column width=&#8221;1\/3&#8243;][vc_hoverbox image=&#8221;2404&#8243; primary_title=&#8221;&#8221; hover_title=&#8221;&#8221;] [\/vc_hoverbox][\/vc_column][vc_column width=&#8221;1\/3&#8243; css=&#8221;.vc_custom_1634115626398{background-color: rgba(255,255,255,0.25) !important;*background-color: rgb(255,255,255) !important;border-radius: 5px !important;}&#8221;][\/vc_column][\/vc_row][vc_row full_width=&#8221;stretch_row&#8221; content_placement=&#8221;middle&#8221; css=&#8221;.vc_custom_1634115663209{margin-bottom: 0px !important;padding-top: 30px !important;padding-bottom: 20px !important;background-color: #e7d6c5 !important;}&#8221;][vc_column width=&#8221;1\/2&#8243; css=&#8221;.vc_custom_1634115601973{background-color: rgba(255,255,255,0.25) !important;*background-color: rgb(255,255,255) !important;border-radius: 5px !important;}&#8221;][\/vc_column][vc_column width=&#8221;1\/2&#8243;][vc_hoverbox image=&#8221;2403&#8243; primary_title=&#8221;&#8221; hover_title=&#8221;&#8221;]&hellip;<\/p>\n","protected":false},"author":1,"featured_media":0,"parent":0,"menu_order":500,"comment_status":"closed","ping_status":"closed","template":"","meta":[],"_links":{"self":[{"href":"https:\/\/wertanlageberatung.de\/wordpress\/wp-json\/wp\/v2\/pages\/24"}],"collection":[{"href":"https:\/\/wertanlageberatung.de\/wordpress\/wp-json\/wp\/v2\/pages"}],"about":[{"href":"https:\/\/wertanlageberatung.de\/wordpress\/wp-json\/wp\/v2\/types\/page"}],"author":[{"embeddable":true,"href":"https:\/\/wertanlageberatung.de\/wordpress\/wp-json\/wp\/v2\/users\/1"}],"replies":[{"embeddable":true,"href":"https:\/\/wertanlageberatung.de\/wordpress\/wp-json\/wp\/v2\/comments?post=24"}],"version-history":[{"count":9,"href":"https:\/\/wertanlageberatung.de\/wordpress\/wp-json\/wp\/v2\/pages\/24\/revisions"}],"predecessor-version":[{"id":2405,"href":"https:\/\/wertanlageberatung.de\/wordpress\/wp-json\/wp\/v2\/pages\/24\/revisions\/2405"}],"wp:attachment":[{"href":"https:\/\/wertanlageberatung.de\/wordpress\/wp-json\/wp\/v2\/media?parent=24"}],"curies":[{"name":"wp","href":"https:\/\/api.w.org\/{rel}","templated":true}]}}